{"id":1851,"date":"2025-09-16T10:41:55","date_gmt":"2025-09-16T08:41:55","guid":{"rendered":"https:\/\/auxfruitsetamesure.fr\/?post_type=product&#038;p=1851"},"modified":"2026-03-25T15:07:24","modified_gmt":"2026-03-25T14:07:24","slug":"neflier-du-japon-bibassier","status":"publish","type":"product","link":"https:\/\/auxfruitsetamesure.fr\/index.php\/produit\/neflier-du-japon-bibassier\/","title":{"rendered":"N\u00e9flier du Japon &#8211; Bibassier"},"content":{"rendered":"","protected":false},"excerpt":{"rendered":"<p>Le n\u00e9flier du Japon ou bibassier (Eriobotrya japonica) et un arbuste fruitier originaire du Japon produisant de d\u00e9licieuses n\u00e8fles (ou bibasses) au mois de juin. Ses fruits sont jaunes-orang\u00e9s, tr\u00e8s juteux et agr\u00e9ablement sucr\u00e9s.<\/p>\n<p>Son feuillage persistant lui conf\u00e8re un aspect tr\u00e8s ornemental, et sa floraison hivernale lib\u00e8re un d\u00e9licieux parfum rappelant l\u2019amande.<\/p>\n<p>Il r\u00e9siste bien au froid (jusqu\u2019\u00e0 -12 degr\u00e9s \u00e0 taille adulte), mais attention aux fortes gel\u00e9es qui peuvent compromettre les fleurs. \u00c0 cause de cela, il est peu probable d\u2019avoir des fruits tous les ans.<\/p>\n<p>Produit disponible \u00e0 partir de d\u00e9cembre 2025.<\/p>\n<p>Emplacement : privil\u00e9giez un endroit \u00e0 l&rsquo;abris des vents dominants pour r\u00e9duire le risque de gel sur fleurs, suffisamment drainant.<\/p>\n","protected":false},"featured_media":1850,"template":"","meta":[],"product_brand":[],"product_cat":[216],"product_tag":[],"class_list":{"0":"post-1851","1":"product","2":"type-product","3":"status-publish","4":"has-post-thumbnail","6":"product_cat-neflier-du-japon","8":"first","9":"outofstock","10":"taxable","11":"shipping-taxable","12":"product-type-variable"},"_links":{"self":[{"href":"https:\/\/auxfruitsetamesure.fr\/index.php\/wp-json\/wp\/v2\/product\/1851","targetHints":{"allow":["GET"]}}],"collection":[{"href":"https:\/\/auxfruitsetamesure.fr\/index.php\/wp-json\/wp\/v2\/product"}],"about":[{"href":"https:\/\/auxfruitsetamesure.fr\/index.php\/wp-json\/wp\/v2\/types\/product"}],"wp:featuredmedia":[{"embeddable":true,"href":"https:\/\/auxfruitsetamesure.fr\/index.php\/wp-json\/wp\/v2\/media\/1850"}],"wp:attachment":[{"href":"https:\/\/auxfruitsetamesure.fr\/index.php\/wp-json\/wp\/v2\/media?parent=1851"}],"wp:term":[{"taxonomy":"product_brand","embeddable":true,"href":"https:\/\/auxfruitsetamesure.fr\/index.php\/wp-json\/wp\/v2\/product_brand?post=1851"},{"taxonomy":"product_cat","embeddable":true,"href":"https:\/\/auxfruitsetamesure.fr\/index.php\/wp-json\/wp\/v2\/product_cat?post=1851"},{"taxonomy":"product_tag","embeddable":true,"href":"https:\/\/auxfruitsetamesure.fr\/index.php\/wp-json\/wp\/v2\/product_tag?post=1851"}],"curies":[{"name":"wp","href":"https:\/\/api.w.org\/{rel}","templated":true}]}}