{"id":1734,"date":"2025-09-10T16:55:38","date_gmt":"2025-09-10T14:55:38","guid":{"rendered":"https:\/\/auxfruitsetamesure.fr\/?post_type=product&#038;p=1734"},"modified":"2026-04-15T10:16:04","modified_gmt":"2026-04-15T08:16:04","slug":"pommier-patte-de-loup","status":"publish","type":"product","link":"https:\/\/auxfruitsetamesure.fr\/index.php\/produit\/pommier-patte-de-loup\/","title":{"rendered":"Patte de Loup"},"content":{"rendered":"","protected":false},"excerpt":{"rendered":"<p><!-- wp:paragraph --><\/p>\n<p>La Patte de Loup est une vari\u00e9t\u00e9 ancienne de Maine-et-Loire. Elle doit son nom \u00e0 une cicatrice pr\u00e9sente au centre de la pomme, lui donnant l&rsquo;aspect d&rsquo;une griffure de loup.<\/p>\n<p><!-- \/wp:paragraph --> <!-- wp:paragraph --><\/p>\n<p>Son fruit est de calibre petit ou moyen, son \u00e9piderme est couvert de li\u00e8ge lui donnant un aspect rugueux. Au go\u00fbt, c&rsquo;est une tr\u00e8s bonne pomme, croquante, sucr\u00e9e, avec une trace d&rsquo;anis. \u00c0 d\u00e9couvrir, ne vous laissez pas rebuter par son aspect !<\/p>\n<p><!-- \/wp:paragraph --> <!-- wp:paragraph --><\/p>\n<p>C&rsquo;est une pomme de garde, qui finit de m\u00fbrir apr\u00e8s la r\u00e9colte. Elle se consomme aussi bien crue que cuite.<!-- \/wp:paragraph --><\/p>\n","protected":false},"featured_media":346,"template":"","meta":[],"product_brand":[],"product_cat":[22],"product_tag":[],"class_list":{"0":"post-1734","1":"product","2":"type-product","3":"status-publish","4":"has-post-thumbnail","6":"product_cat-pommiers","8":"first","9":"outofstock","10":"taxable","11":"shipping-taxable","12":"purchasable","13":"product-type-variable","14":"has-default-attributes"},"_links":{"self":[{"href":"https:\/\/auxfruitsetamesure.fr\/index.php\/wp-json\/wp\/v2\/product\/1734","targetHints":{"allow":["GET"]}}],"collection":[{"href":"https:\/\/auxfruitsetamesure.fr\/index.php\/wp-json\/wp\/v2\/product"}],"about":[{"href":"https:\/\/auxfruitsetamesure.fr\/index.php\/wp-json\/wp\/v2\/types\/product"}],"wp:featuredmedia":[{"embeddable":true,"href":"https:\/\/auxfruitsetamesure.fr\/index.php\/wp-json\/wp\/v2\/media\/346"}],"wp:attachment":[{"href":"https:\/\/auxfruitsetamesure.fr\/index.php\/wp-json\/wp\/v2\/media?parent=1734"}],"wp:term":[{"taxonomy":"product_brand","embeddable":true,"href":"https:\/\/auxfruitsetamesure.fr\/index.php\/wp-json\/wp\/v2\/product_brand?post=1734"},{"taxonomy":"product_cat","embeddable":true,"href":"https:\/\/auxfruitsetamesure.fr\/index.php\/wp-json\/wp\/v2\/product_cat?post=1734"},{"taxonomy":"product_tag","embeddable":true,"href":"https:\/\/auxfruitsetamesure.fr\/index.php\/wp-json\/wp\/v2\/product_tag?post=1734"}],"curies":[{"name":"wp","href":"https:\/\/api.w.org\/{rel}","templated":true}]}}

<p><!-- wp:paragraph --></p>
<p>La Patte de Loup est une variété ancienne de Maine-et-Loire. Elle doit son nom à une cicatrice présente au centre de la pomme, lui donnant l&rsquo;aspect d&rsquo;une griffure de loup.</p>
<p><!-- /wp:paragraph --> <!-- wp:paragraph --></p>
<p>Son fruit est de calibre petit ou moyen, son épiderme est couvert de liège lui donnant un aspect rugueux. Au goût, c&rsquo;est une très bonne pomme, croquante, sucrée, avec une trace d&rsquo;anis. À découvrir, ne vous laissez pas rebuter par son aspect !</p>
<p><!-- /wp:paragraph --> <!-- wp:paragraph --></p>
<p>C&rsquo;est une pomme de garde, qui finit de mûrir après la récolte. Elle se consomme aussi bien crue que cuite.<!-- /wp:paragraph --></p>
