{"id":1722,"date":"2025-09-10T15:57:59","date_gmt":"2025-09-10T13:57:59","guid":{"rendered":"https:\/\/auxfruitsetamesure.fr\/?post_type=product&#038;p=1722"},"modified":"2026-04-15T10:15:36","modified_gmt":"2026-04-15T08:15:36","slug":"pommier-fenouillet-aubert","status":"publish","type":"product","link":"https:\/\/auxfruitsetamesure.fr\/index.php\/produit\/pommier-fenouillet-aubert\/","title":{"rendered":"Fenouillet Aubert"},"content":{"rendered":"","protected":false},"excerpt":{"rendered":"<p>Originaire de Gironde et de Charente-Maritime, la pomme Fenouillet Aubert fait partie d&rsquo;une population dites \u00ab\u00a0des Az\u00e9roli\u00a0\u00bb. Ces pommes ont en commun d&rsquo;avoir \u00e9t\u00e9 activement cultiv\u00e9es et commercialis\u00e9es jusque dans les ann\u00e9es 1960 dans ces deux d\u00e9partements. L&rsquo;arbre a un d\u00e9veloppement relativement faible, un feuillage brillant et sain.<\/p>\n<p>La vari\u00e9t\u00e9 Fenouillet Aubert produit des fruits de calibre moyen, \u00e0 l&rsquo;\u00e9piderme li\u00e9geux, de couleur ocre. Sa chair est blanche, bien juteuse, tr\u00e8s parfum\u00e9e et \u00e0 la saveur anis\u00e9e. Elle est consid\u00e9r\u00e9e comme \u00ab\u00a0la reine des pommes au four\u00a0\u00bb.<\/p>\n<p>En cas de surcharge de fruits, pensez \u00e0 retirer une partie des fruits pour r\u00e9duire l&rsquo;alternance de la fructification.<\/p>\n<p>Peu sensible \u00e0 la tavelure sur feuilles, tr\u00e8s peu sensible aux pucerons cendr\u00e9s.<\/p>\n","protected":false},"featured_media":1724,"template":"","meta":[],"product_brand":[],"product_cat":[22],"product_tag":[],"class_list":{"0":"post-1722","1":"product","2":"type-product","3":"status-publish","4":"has-post-thumbnail","6":"product_cat-pommiers","8":"first","9":"outofstock","10":"taxable","11":"shipping-taxable","12":"purchasable","13":"product-type-variable","14":"has-default-attributes"},"_links":{"self":[{"href":"https:\/\/auxfruitsetamesure.fr\/index.php\/wp-json\/wp\/v2\/product\/1722","targetHints":{"allow":["GET"]}}],"collection":[{"href":"https:\/\/auxfruitsetamesure.fr\/index.php\/wp-json\/wp\/v2\/product"}],"about":[{"href":"https:\/\/auxfruitsetamesure.fr\/index.php\/wp-json\/wp\/v2\/types\/product"}],"wp:featuredmedia":[{"embeddable":true,"href":"https:\/\/auxfruitsetamesure.fr\/index.php\/wp-json\/wp\/v2\/media\/1724"}],"wp:attachment":[{"href":"https:\/\/auxfruitsetamesure.fr\/index.php\/wp-json\/wp\/v2\/media?parent=1722"}],"wp:term":[{"taxonomy":"product_brand","embeddable":true,"href":"https:\/\/auxfruitsetamesure.fr\/index.php\/wp-json\/wp\/v2\/product_brand?post=1722"},{"taxonomy":"product_cat","embeddable":true,"href":"https:\/\/auxfruitsetamesure.fr\/index.php\/wp-json\/wp\/v2\/product_cat?post=1722"},{"taxonomy":"product_tag","embeddable":true,"href":"https:\/\/auxfruitsetamesure.fr\/index.php\/wp-json\/wp\/v2\/product_tag?post=1722"}],"curies":[{"name":"wp","href":"https:\/\/api.w.org\/{rel}","templated":true}]}}

<p>Originaire de Gironde et de Charente-Maritime, la pomme Fenouillet Aubert fait partie d&rsquo;une population dites « des Azéroli ». Ces pommes ont en commun d&rsquo;avoir été activement cultivées et commercialisées jusque dans les années 1960 dans ces deux départements. L&rsquo;arbre a un développement relativement faible, un feuillage brillant et sain.</p>
<p>La variété Fenouillet Aubert produit des fruits de calibre moyen, à l&rsquo;épiderme liégeux, de couleur ocre. Sa chair est blanche, bien juteuse, très parfumée et à la saveur anisée. Elle est considérée comme « la reine des pommes au four ».</p>
<p>En cas de surcharge de fruits, pensez à retirer une partie des fruits pour réduire l&rsquo;alternance de la fructification.</p>
<p>Peu sensible à la tavelure sur feuilles, très peu sensible aux pucerons cendrés.</p>
