{"id":1702,"date":"2025-09-10T14:33:59","date_gmt":"2025-09-10T12:33:59","guid":{"rendered":"https:\/\/auxfruitsetamesure.fr\/?post_type=product&#038;p=1702"},"modified":"2026-04-15T10:12:52","modified_gmt":"2026-04-15T08:12:52","slug":"pommier-charden","status":"publish","type":"product","link":"https:\/\/auxfruitsetamesure.fr\/index.php\/produit\/pommier-charden\/","title":{"rendered":"Charden"},"content":{"rendered":"","protected":false},"excerpt":{"rendered":"<p><!-- wp:paragraph -->Le pommier Charden est une vari\u00e9t\u00e9 cr\u00e9\u00e9e par l&rsquo;INRA \u00e0 partir d&rsquo;un croisement entre la Golden et la Reinette Clochard.<!-- \/wp:paragraph --><\/p>\n<p>Son fruit est de gros calibre, de couleur verte \u00e0 jaune clair. Sa chair est tr\u00e8s juteuse, ferme, bien sucr\u00e9e et plus acidul\u00e9e qu&rsquo;une Golden. <\/p>\n","protected":false},"featured_media":1704,"template":"","meta":[],"product_brand":[],"product_cat":[22],"product_tag":[],"class_list":{"0":"post-1702","1":"product","2":"type-product","3":"status-publish","4":"has-post-thumbnail","6":"product_cat-pommiers","8":"first","9":"outofstock","10":"taxable","11":"shipping-taxable","12":"purchasable","13":"product-type-variable","14":"has-default-attributes"},"_links":{"self":[{"href":"https:\/\/auxfruitsetamesure.fr\/index.php\/wp-json\/wp\/v2\/product\/1702","targetHints":{"allow":["GET"]}}],"collection":[{"href":"https:\/\/auxfruitsetamesure.fr\/index.php\/wp-json\/wp\/v2\/product"}],"about":[{"href":"https:\/\/auxfruitsetamesure.fr\/index.php\/wp-json\/wp\/v2\/types\/product"}],"wp:featuredmedia":[{"embeddable":true,"href":"https:\/\/auxfruitsetamesure.fr\/index.php\/wp-json\/wp\/v2\/media\/1704"}],"wp:attachment":[{"href":"https:\/\/auxfruitsetamesure.fr\/index.php\/wp-json\/wp\/v2\/media?parent=1702"}],"wp:term":[{"taxonomy":"product_brand","embeddable":true,"href":"https:\/\/auxfruitsetamesure.fr\/index.php\/wp-json\/wp\/v2\/product_brand?post=1702"},{"taxonomy":"product_cat","embeddable":true,"href":"https:\/\/auxfruitsetamesure.fr\/index.php\/wp-json\/wp\/v2\/product_cat?post=1702"},{"taxonomy":"product_tag","embeddable":true,"href":"https:\/\/auxfruitsetamesure.fr\/index.php\/wp-json\/wp\/v2\/product_tag?post=1702"}],"curies":[{"name":"wp","href":"https:\/\/api.w.org\/{rel}","templated":true}]}}

<p><!-- wp:paragraph -->Le pommier Charden est une variété créée par l&rsquo;INRA à partir d&rsquo;un croisement entre la Golden et la Reinette Clochard.<!-- /wp:paragraph --></p>
<p>Son fruit est de gros calibre, de couleur verte à jaune clair. Sa chair est très juteuse, ferme, bien sucrée et plus acidulée qu&rsquo;une Golden. </p>
