{"id":1449,"date":"2025-07-08T21:42:07","date_gmt":"2025-07-08T19:42:07","guid":{"rendered":"https:\/\/auxfruitsetamesure.fr\/?post_type=product&#038;p=1449"},"modified":"2025-11-30T14:22:05","modified_gmt":"2025-11-30T13:22:05","slug":"cerisier-marmotte","status":"publish","type":"product","link":"https:\/\/auxfruitsetamesure.fr\/index.php\/produit\/cerisier-marmotte\/","title":{"rendered":"Marmotte"},"content":{"rendered":"","protected":false},"excerpt":{"rendered":"<p>Le cerisier Marmotte produit des fruits de type bigarreau de gros calibre. C&rsquo;est une vari\u00e9t\u00e9 ancienne fran\u00e7aise \u00e0 r\u00e9colte tardive, qui permet d&rsquo;\u00e9taler la saison des cerises. Elle est notamment int\u00e9ressante pour sa plut\u00f4t bonne r\u00e9sistance \u00e0 l&rsquo;\u00e9clatement et sa mise \u00e0 fruits rapide.<\/p>\n<p>Ses fruits sont d&rsquo;un rouge fonc\u00e9, sa chair juteuse, bien sucr\u00e9e et l\u00e9g\u00e8rement acidul\u00e9e.<\/p>\n<p>L&rsquo;arbre est vigoureux, avec un port \u00e9tal\u00e9.<\/p>\n<p>&nbsp;<\/p>\n<p>Cette ann\u00e9e, cette vari\u00e9t\u00e9 est propos\u00e9e en demi-tige sur merisier : le porte-greffe a \u00e9t\u00e9 conduit en hauteur pendant 2 ans et la vari\u00e9t\u00e9 a \u00e9t\u00e9 greff\u00e9e \u00e0 1m50.<\/p>\n","protected":false},"featured_media":1453,"template":"","meta":[],"product_brand":[],"product_cat":[23],"product_tag":[],"class_list":{"0":"post-1449","1":"product","2":"type-product","3":"status-publish","4":"has-post-thumbnail","6":"product_cat-cerisiers","8":"first","9":"outofstock","10":"taxable","11":"shipping-taxable","12":"purchasable","13":"product-type-variable","14":"has-default-attributes"},"_links":{"self":[{"href":"https:\/\/auxfruitsetamesure.fr\/index.php\/wp-json\/wp\/v2\/product\/1449","targetHints":{"allow":["GET"]}}],"collection":[{"href":"https:\/\/auxfruitsetamesure.fr\/index.php\/wp-json\/wp\/v2\/product"}],"about":[{"href":"https:\/\/auxfruitsetamesure.fr\/index.php\/wp-json\/wp\/v2\/types\/product"}],"wp:featuredmedia":[{"embeddable":true,"href":"https:\/\/auxfruitsetamesure.fr\/index.php\/wp-json\/wp\/v2\/media\/1453"}],"wp:attachment":[{"href":"https:\/\/auxfruitsetamesure.fr\/index.php\/wp-json\/wp\/v2\/media?parent=1449"}],"wp:term":[{"taxonomy":"product_brand","embeddable":true,"href":"https:\/\/auxfruitsetamesure.fr\/index.php\/wp-json\/wp\/v2\/product_brand?post=1449"},{"taxonomy":"product_cat","embeddable":true,"href":"https:\/\/auxfruitsetamesure.fr\/index.php\/wp-json\/wp\/v2\/product_cat?post=1449"},{"taxonomy":"product_tag","embeddable":true,"href":"https:\/\/auxfruitsetamesure.fr\/index.php\/wp-json\/wp\/v2\/product_tag?post=1449"}],"curies":[{"name":"wp","href":"https:\/\/api.w.org\/{rel}","templated":true}]}}

<p>Le cerisier Marmotte produit des fruits de type bigarreau de gros calibre. C&rsquo;est une variété ancienne française à récolte tardive, qui permet d&rsquo;étaler la saison des cerises. Elle est notamment intéressante pour sa plutôt bonne résistance à l&rsquo;éclatement et sa mise à fruits rapide.</p>
<p>Ses fruits sont d&rsquo;un rouge foncé, sa chair juteuse, bien sucrée et légèrement acidulée.</p>
<p>L&rsquo;arbre est vigoureux, avec un port étalé.</p>
<p>&nbsp;</p>
<p>Cette année, cette variété est proposée en demi-tige sur merisier : le porte-greffe a été conduit en hauteur pendant 2 ans et la variété a été greffée à 1m50.</p>
