{"id":142,"date":"2024-08-21T15:01:47","date_gmt":"2024-08-21T13:01:47","guid":{"rendered":"https:\/\/auxfruitsetamesure.fr\/?post_type=product&#038;p=142"},"modified":"2026-04-15T10:13:39","modified_gmt":"2026-04-15T08:13:39","slug":"pommier-ecolette","status":"publish","type":"product","link":"https:\/\/auxfruitsetamesure.fr\/index.php\/produit\/pommier-ecolette\/","title":{"rendered":"Ecolette"},"content":{"rendered":"","protected":false},"excerpt":{"rendered":"<p>Ecolette est une pomme bicolore, verte c\u00f4t\u00e9 ombre et ros\u00e9e c\u00f4t\u00e9 soleil. Sa chair est croquante et sucr\u00e9e, bien acidul\u00e9e. Tr\u00e8s bonne pomme \u00e0 couteau. Issue d&rsquo;un croisement entre Elstar et Prima aux Pays-Bas, elle pr\u00e9sente une forte ressemblance avec Elstar et est naturellement r\u00e9sistante \u00e0 la tavelure.<\/p>\n<p>C&rsquo;est un arbre \u00e0 forte productivit\u00e9 qui n\u00e9cessite un \u00e9claircissage pour ne pas \u00e9puiser l&rsquo;arbre et obtenir des pommes de bonne taille.<\/p>\n<p>Ecolette a \u00e9galement la particularit\u00e9 d&rsquo;\u00eatre autofertile et convient donc aux petits jardins. Une pollinisation crois\u00e9e am\u00e9liorera cependant la production.<\/p>\n","protected":false},"featured_media":13,"template":"","meta":[],"product_brand":[],"product_cat":[22],"product_tag":[],"class_list":{"0":"post-142","1":"product","2":"type-product","3":"status-publish","4":"has-post-thumbnail","6":"product_cat-pommiers","8":"first","9":"outofstock","10":"taxable","11":"shipping-taxable","12":"purchasable","13":"product-type-variable","14":"has-default-attributes"},"_links":{"self":[{"href":"https:\/\/auxfruitsetamesure.fr\/index.php\/wp-json\/wp\/v2\/product\/142","targetHints":{"allow":["GET"]}}],"collection":[{"href":"https:\/\/auxfruitsetamesure.fr\/index.php\/wp-json\/wp\/v2\/product"}],"about":[{"href":"https:\/\/auxfruitsetamesure.fr\/index.php\/wp-json\/wp\/v2\/types\/product"}],"wp:featuredmedia":[{"embeddable":true,"href":"https:\/\/auxfruitsetamesure.fr\/index.php\/wp-json\/wp\/v2\/media\/13"}],"wp:attachment":[{"href":"https:\/\/auxfruitsetamesure.fr\/index.php\/wp-json\/wp\/v2\/media?parent=142"}],"wp:term":[{"taxonomy":"product_brand","embeddable":true,"href":"https:\/\/auxfruitsetamesure.fr\/index.php\/wp-json\/wp\/v2\/product_brand?post=142"},{"taxonomy":"product_cat","embeddable":true,"href":"https:\/\/auxfruitsetamesure.fr\/index.php\/wp-json\/wp\/v2\/product_cat?post=142"},{"taxonomy":"product_tag","embeddable":true,"href":"https:\/\/auxfruitsetamesure.fr\/index.php\/wp-json\/wp\/v2\/product_tag?post=142"}],"curies":[{"name":"wp","href":"https:\/\/api.w.org\/{rel}","templated":true}]}}

<p>Ecolette est une pomme bicolore, verte côté ombre et rosée côté soleil. Sa chair est croquante et sucrée, bien acidulée. Très bonne pomme à couteau. Issue d&rsquo;un croisement entre Elstar et Prima aux Pays-Bas, elle présente une forte ressemblance avec Elstar et est naturellement résistante à la tavelure.</p>
<p>C&rsquo;est un arbre à forte productivité qui nécessite un éclaircissage pour ne pas épuiser l&rsquo;arbre et obtenir des pommes de bonne taille.</p>
<p>Ecolette a également la particularité d&rsquo;être autofertile et convient donc aux petits jardins. Une pollinisation croisée améliorera cependant la production.</p>
