{"id":1372,"date":"2025-07-07T14:24:44","date_gmt":"2025-07-07T12:24:44","guid":{"rendered":"https:\/\/auxfruitsetamesure.fr\/?post_type=product&#038;p=1372"},"modified":"2026-04-06T08:12:45","modified_gmt":"2026-04-06T06:12:45","slug":"amelanchier-canadensis-prince-william","status":"publish","type":"product","link":"https:\/\/auxfruitsetamesure.fr\/index.php\/produit\/amelanchier-canadensis-prince-william\/","title":{"rendered":"Prince William"},"content":{"rendered":"","protected":false},"excerpt":{"rendered":"<p>L&rsquo;am\u00e9lanchier Prince Williams est un des rares cultivars issus de l&rsquo;esp\u00e8ce Canadensis. Il produit des fruits rappelant la myrtille fin juin &#8211; courant juillet et atteindra environ 3m de haut \u00e0 taille adulte. Il est particuli\u00e8rement reconnu pour son aspect ornemental gr\u00e2ce \u00e0 son feuillage virant au rouge \u00e0 l&rsquo;automne.<\/p>\n<p>C&rsquo;est un arbuste compact qui g\u00e9n\u00e8re des rejets chaque ann\u00e9e, ce qui vous permettra de le multiplier dans votre jardin sans trop de difficult\u00e9s.<\/p>\n","protected":false},"featured_media":1369,"template":"","meta":[],"product_brand":[],"product_cat":[91],"product_tag":[],"class_list":{"0":"post-1372","1":"product","2":"type-product","3":"status-publish","4":"has-post-thumbnail","6":"product_cat-amelanchier","8":"first","9":"outofstock","10":"taxable","11":"shipping-taxable","12":"purchasable","13":"product-type-simple"},"_links":{"self":[{"href":"https:\/\/auxfruitsetamesure.fr\/index.php\/wp-json\/wp\/v2\/product\/1372","targetHints":{"allow":["GET"]}}],"collection":[{"href":"https:\/\/auxfruitsetamesure.fr\/index.php\/wp-json\/wp\/v2\/product"}],"about":[{"href":"https:\/\/auxfruitsetamesure.fr\/index.php\/wp-json\/wp\/v2\/types\/product"}],"wp:featuredmedia":[{"embeddable":true,"href":"https:\/\/auxfruitsetamesure.fr\/index.php\/wp-json\/wp\/v2\/media\/1369"}],"wp:attachment":[{"href":"https:\/\/auxfruitsetamesure.fr\/index.php\/wp-json\/wp\/v2\/media?parent=1372"}],"wp:term":[{"taxonomy":"product_brand","embeddable":true,"href":"https:\/\/auxfruitsetamesure.fr\/index.php\/wp-json\/wp\/v2\/product_brand?post=1372"},{"taxonomy":"product_cat","embeddable":true,"href":"https:\/\/auxfruitsetamesure.fr\/index.php\/wp-json\/wp\/v2\/product_cat?post=1372"},{"taxonomy":"product_tag","embeddable":true,"href":"https:\/\/auxfruitsetamesure.fr\/index.php\/wp-json\/wp\/v2\/product_tag?post=1372"}],"curies":[{"name":"wp","href":"https:\/\/api.w.org\/{rel}","templated":true}]}}